-2)/(-3) - (-33)/(-9). Determine u(o).
15
Let b(c) be the third derivative of 0*c**4 + 0 + 0*c - 165*c**2 - 1/6*c**3 + 1/30*c**5 - 7/60*c**6. Give b(1).
-13
Let k(m) = -19501*m + 39015*m - 19508*m + 2. Give k(2).
14
Let s = 2 + 3. Let b(a) be the first derivative of -a**3/3 + a**2/2 + 9*a - 2507. What is b(s)?
-11
Suppose x + 4 = 4*y + 1, 0 = y - 2. Suppose -5*u + x - 15 = 0. Let n(v) = 8*v**2 + 2*v - 2. Determine n(u).
26
Suppose 45*j + 60*j + 735 = 0. Let q(y) = -y**2 - 22*y - 108. Calculate q(j).
-3
Let q(i) = i - 16. Let p = -893 + 888. Let h(s) = s. Let y(w) = 3*w + 33. Let l(d) = -5*h(d) + y(d). Let r(a) = p*q(a) - 2*l(a). Calculate r(9).
5
Let u(v) be the first derivative of -2*v**3/3 + 5*v**2/2 + 3*v - 1397. Determine u(5).
-22
Let d(u) be the second derivative of -29*u**3/6 + 3*u**2 + 3266*u - 1. Give d(-1).
35
Let a(f) = -2*f**2. Let j(r) = -r**2 - 8*r + 71. Let k be j(-13). Suppose -124 = -k*b - 112. Determine a(b).
-8
Let m be (-1 - 2/(-6))/((-6)/549). Let l = 70 - m. Let h(g) = g**2 + 8*g + g**3 - 3*g + 8 - l*g**2. Calculate h(7).
-6
Let q(j) = -j**3 + 4*j**2 - 3*j. Let v be q(2). Suppose -78*k - 3 = -79*k. Let h(m) = -7*m - m**2 + 12*m - 1 - k*m. Give h(v).
-1
Let u(x) = 56*x**2 + 37*x**2 - x + 23 - 10 + 56*x**2 - 148*x**2. Let o(t) = -t**2 - 5*t. Let b be o(-5). What is u(b)?
13
Let f = -3553 - -7107/2. Let h(y) be the second derivative of 0 + 0*y**2 + 1/20*y**5 + 1/3*y**4 - 20*y + f*y**3. Determine h(-2).
2
Let y = 12 - 5. Let s be (2 + -3)/(15/(-30)). Let i(h) = -y*h - 6 + 3 - 2 - h**s + 2*h**2. Give i(6).
-11
Let j(d) = -3*d**2 + 551*d + 2*d**2 + 575*d - 1123*d + 266. What is j(-15)?
-4
Let f(j) = -j + 11. Suppose -p + 28 + 49 = 0. Suppose 40 = p*v - 69*v. Give f(v).
6
Let s(f) be the first derivative of 2*f**3/3 + 5*f**2 + f - 30. Let n be s(-5). Let l(k) = -5*k. Give l(n).
-5
Let s(n) be the third derivative of 53*n**4/24 + 103*n**3/6 + 1043*n**2. Give s(-2).
-3
Let z(r) = 30*r**3 + 24*r**2 + 36*r - 14. Let y(k) = -38*k**3 - 30*k**2 - 45*k + 18. Let o(u) = 11*y(u) + 14*z(u). Calculate o(-4).
-66
Let v = -22998 + 22996. Let n(s) = 4*s + 6. Calculate n(v).
-2
Let z(n) = 5*n**2 - 16*n + 1. Let q(i) = -10*i**2 + 32*i - 5. Let a(w) = -3*q(w) - 5*z(w). Let g(o) = o**2 - o. Let x(s) = -a(s) + 6*g(s). Give x(-9).
-19
Let w(c) = -163 + 3*c**2 + c**3 - 163 - 149 + 495 - 4*c. What is w(-7)?
-148
Suppose 5*y = r + 5, -r - 3*r = 3*y - 26. Let l(u) = 22*u + u**2 - 14*u - 3*u**2 - r. Give l(6).
-29
Let m(c) = -c**2 + 3*c - 5. Let f = 58 + -54. Let i be m(f). Let r(d) = d**2 - 3*d**2 - 3*d**2 + 12 + 4*d**2 - 9*d. Calculate r(i).
12
Let d(m) = m**3 + 7*m**2 - 3*m - 12. Let b be d(-7). Let z(u) = -u**2 + 7*u + 21. Let n be z(b). Let x(f) = -3*f + 2*f - 7 - f**n + 4 + 6. Give x(0).
3
Let s(i) = 2*i**2 + i. Let p(j) = 11*j**2 + 7*j - 262. Let a(h) = p(h) - 5*s(h). Let z(y) be the first derivative of a(y). Calculate z(-8).
-14
Let r(v) = v**3 - 28*v**2 + 2*v - 53. Let i(a) = -3*a**2 - 168*a - 137. Let q be i(-55). Determine r(q).
3
Let g(d) = 25*d**2 + 2*d - 1. Let t(y) = -8*y**2 - 3*y. Let q(m) = -11*m**2 - 4*m. Let l(v) = 5*q(v) - 7*t(v). Let c(o) = g(o) - 2*l(o). What is c(-1)?
22
Let l(s) = -3*s + 22. Let k = -6873 + 6884. Give l(k).
-11
Let a(f) be the first derivative of f**2 + 3*f + 1. Suppose -4*p + 12 + 52 = 0. Suppose -p*y = -y + 30. Give a(y).
-1
Let z = -9729 + 9717. Let i(g) = 3*g**3 - 16 + 19*g**2 + 0 - 8*g**2 - 2*g**3 - 13*g. Determine i(z).
-4
Let f(c) = -c**2 + 3. Let n = 175 + -172. Let u(l) = -4*l**2 + 8*l + 5. Let a(m) = n*f(m) - u(m). Give a(6).
-8
Let m(c) = -25*c**2 - 22*c + 35. Let h(o) = -55*o**2 - 46*o + 73. Let b(v) = -6*h(v) + 13*m(v). What is b(2)?
17
Let z(g) = 2*g**2 - 17*g + 46. Let c(y) = -403*y - 1606. Let f be c(-4). Determine z(f).
16
Suppose 5*h + 2 = -3*x + 13, 0 = 2*x + 2*h - 6. Let i(a) = 13*a - 26 + 61 - a - 32 - a**x. Give i(12).
3
Let u be 500/15 + (-15)/(-9). Suppose -u*c - 7 = -36*c. Let s(n) = n**3 - 8*n**2 + 4*n - 5. What is s(c)?
-26
Let d be 2/(-3) + 10/6. Let z = 265 + -87. Let c(i) = z*i - 169*i + 1 - 1. Calculate c(d).
9
Let m(y) be the second derivative of 7*y**5/20 + y**4/6 - y**3/3 - 3*y**2/2 - 771*y. Give m(-2).
-47
Suppose -c + 6*c = 4*d - 65, 5*d = -3*c - 2. Let k(h) be the second derivative of -h**5/20 - 3*h**4/4 - h**3/3 - 13*h**2/2 + 367*h - 2. What is k(c)?
5
Let q(t) = 140*t - 212. Let j(o) = 20*o - 32. Let l(y) = -20*j(y) + 3*q(y). What is l(-2)?
-36
Let c(m) = -4 + 44290*m**2 - 6*m + 3*m - 44289*m**2. Suppose 8 = 4*p, -4*w + 3*p + 3 = -11. Calculate c(w).
6
Let i(o) = -1 - 2*o + 6 - 3 - 3. Let x be (-184 - 1) + 2 - 5. Let c = x - -190. What is i(c)?
-5
Let v(l) = -5*l**3 - 8*l**2 - 45*l + 70. Let y(p) = -2*p**3 - 4*p**2 - 18*p + 28. Let j(a) = 5*v(a) - 12*y(a). Calculate j(7).
0
Let i = 4510 - 4519. Let a(x) = x**3 + 9*x**2 + 6*x - 10. Calculate a(i).
-64
Let b(v) = 41*v + 1468. Let d be b(-36). Let j(r) = -16*r - 125. Calculate j(d).
3
Let u be ((-315)/(-180))/(2/(-8)). Let g(m) = -m - 7. Calculate g(u).
0
Let u = 1067 + -1062. Let w(g) = g**2 + 24*g - 145. What is w(u)?
0
Let a(r) be the third derivative of r**6/60 - 11*r**5/30 - r**4/3 + r**3/6 - 8055*r**2. Calculate a(11).
-87
Suppose 0 = -5*b - 15, -2*b + 10 - 26 = -5*v. Suppose i - 4*w + 0*w - v = 0, -3*i + 2*w = -6. Let z(q) = q**3 + 2*q + 1. Calculate z(i).
13
Let x = 2869 + -2859. Let o(d) = d**3 - 11*d**2 + 17*d + 21. Calculate o(x).
91
Let m = 54 + -46. Let h(z) = 27*z**2 - 23*z - 34. Let o(l) = 5*l**2 - 5*l - 7. Let p(d) = 2*h(d) - 11*o(d). What is p(m)?
17
Let f = 245 + -243. Let c = 68 + -66. Let j(k) = -4 + 1 + k**c + 0 - 5*k + 5. Calculate j(f).
-4
Let j(h) be the third derivative of 0*h - 1/20*h**5 + 0*h**3 + 1/12*h**4 - 4*h**2 + 37. What is j(2)?
-8
Let u(y) = 123*y - 375*y - 8 + 122*y + 129*y. Let q(n) be the third derivative of -n**4/12 + 8*n**3/3 + 2*n**2. Let f be q(11). What is u(f)?
-2
Let y(c) = c**2 - 16*c + 26. Let d(o) = -o**3 - 179*o**2 - 182*o - 694. Let f be d(-178). What is y(f)?
62
Let n(l) = -2*l + 7. Suppose -32 = -8*z + 4*z. Let b = 12 - z. Suppose -18 = b*p - 38. Calculate n(p).
-3
Let i(o) = 18*o**3 + o**2 + 2*o - 2. Let c(h) = h**3 + 103*h**2 - 96*h + 830. Let k be c(-104). Determine i(k).
-146
Let v(i) = -i + 31. Let d be 150/40*-1*16/12. Calculate v(d).
36
Let l(x) = -14*x + 36. Let d be l(0). Let p(f) = -41*f - 9*f + d*f - 26*f. Determine p(1).
-40
Suppose 3*k = q - 17, 2*q + 14 = -3*k + k. Let g(a) = 13*a**2 - 4 - 4 + 7*a + 20 - 4 - 12*a**2. What is g(k)?
2
Let y(r) = 2*r + 186 + 158 - 716 + 181 + 161. Let p = -4 + 20. What is y(p)?
2
Suppose 0 = -5*o + 11*o - 234. Suppose 5*u + o = 8*u. Suppose -k + 1 = 3*a + 8, 5*a + 3*k = -u. Let q(p) = -p**3 + 2*p**2 + 2*p + 2. Calculate q(a).
14
Let g(a) = -a**2 - 27*a - 29. Let u = -1657 - -1631. What is g(u)?
-3
Let b(j) = j**3 + 6*j**2 + j + 7. Let f(x) = x**3 - 14*x**2 + 39*x + 13. Let k be f(10). Let d be (-2 + -1)/(6/(-44)). Suppose -d*i - 135 = -k. What is b(i)?
1
Suppose x + h + 3*h = -5, -4*x + 2*h + 16 = 0. Let f be (-4 - 6/(-15))/(x/70). Let b = -88 - f. Let l(c) = -c**3 - 3*c**2 + 6*c + 5. Determine l(b).
-3
Let k(y) be the first derivative of -y**4/4 - y**3 + y**2 + 712. Suppose 6*m = 7*m + 3. Give k(m).
-6
Suppose 34686 = 27*m + 14*m. Let t = m + -848. Let f(n) = -n**3 - 3*n**2 - 7*n - 13. Determine f(t).
-3
Suppose -21*i + 22*i = 2*a + 21, 5*i + 87 = -6*a. Let v(l) = -l**3 - 13*l**2 - 14*l - 31. Give v(a).
-7
Let l(s) = -11*s**2 + 6*s + 31. Let f(n) = -29*n**2 + 18*n + 80. Let j(o) = 3*f(o) - 8*l(o). Let u = 9 - 18. Calculate j(u).
19
Let t(k) = 3*k**2 - 2*k + 1. Let h(x) = -x**3 + x + 2. Let s be h(0). Let i = -1025 + 1022. Let c be 1/(-2)*s/(2 + i). Give t(c).
2
Let l(i) = i - 4 + 5*i + 44 + 10. Let f be l(-8). Let b(t) be the second derivative of -t**5/20 + t**3/2 - 3*t**2/2 - 6*t. What is b(f)?
-5
Let u(j) = 19*j**3 - 21*j**2 + j - 5. Let l(s) = -97*s**3 + 115*s**2 - 4*s + 26. Let b(a) = -2*l(a) - 11*u(a). Give b(1).
-14
Let b = -87 - -97. Let m be 3*-10*(b/12 - 1). Let t(n) = 48 - 2*n**2 - 88 + 42 - m*n + n**3. Give t(4).
14
Let r(d) be the second derivative of 0 - 23/6*d**3 + 1/360*d**6 + 0*d**2 + 5/24*d**4 - 1/120*d**5 - 17*d. Let y(k) be the second derivative of r(k). Give y(4).
17
Let d(v) = v**2 + 2*v + 1. Let g(l) = 5*l